hest common factor of q and 16.
16
Let i be ((-198)/15)/((-2)/5). Let u be 1*i + 10 + -8. Let d be 133/u - 3/(-15). What is the highest common divisor of 28 and d?
4
Let a(i) = 4*i**2 + 4*i - 14. Suppose f - 4 = -11. Let d be a(f). Calculate the greatest common divisor of 14 and d.
14
Let j = -151 - -185. What is the greatest common divisor of 425 and j?
17
Let g = -344 - -836. Calculate the greatest common factor of g and 41.
41
Let v = 374 + -178. Calculate the greatest common divisor of v and 49.
49
Suppose -3*l + l - 5*q + 50 = 0, 3*q = -3*l + 75. Let x be (-25767)/(-147) - 2/7. What is the greatest common factor of l and x?
25
Let p(u) = 47*u - 4 - 14*u**2 - 5 - 45*u + u**3 - 8. Let s be p(14). What is the greatest common factor of s and 44?
11
Let s = 11 - 2. Let l = s + 9. Suppose 3*b + 5*z = 442, 0 = -5*b - 4*z + z + 726. What is the greatest common factor of l and b?
18
Let t be (-28)/(-1)*(4 - 2). Suppose -c = 3*a - 454, 0*c + 3*a - 902 = -2*c. Calculate the highest common divisor of t and c.
56
Suppose s = 4*s - 33. Let p be (-3)/(3*4/(-12)). Suppose -p*z - g + 20 = -344, z = -2*g + 123. Calculate the highest common divisor of z and s.
11
Let b(s) = 23*s**3 + 2*s**2 + s + 14. Let f be b(3). Calculate the greatest common divisor of 246 and f.
82
Suppose 3*o - 132 = j + 3, -5*j = o - 61. Calculate the greatest common factor of o and 1150.
46
Suppose 2*v - 279 = -v. Suppose p + 2*p - v = 0. Let o be 1/2*(p - 3). Calculate the greatest common factor of o and 14.
14
Let x(a) = -9*a - 3*a - 4*a - 2 + 18*a + 13*a**2. Suppose 2*s = 4*t - 12, 3*s + 3*t + 6 = 6*t. Let o be x(s). Calculate the highest common divisor of 6 and o.
6
Suppose 0 = -3*y - 2*p + 43, 68 = 5*y + 4*p - 1. Let i be (1 + -3)/(4/(-522)). Suppose 113 + i = 2*b. Calculate the greatest common factor of y and b.
17
Let f = -414 - -664. Calculate the highest common divisor of f and 20.
10
Let u be (-1700)/(-51)*(-24)/(-20). What is the greatest common divisor of 110 and u?
10
Let f be (4/(24/70))/((-9)/(-27)). Calculate the highest common divisor of f and 70.
35
Let n be 17/119 - 6620/(-14). What is the greatest common divisor of n and 11?
11
Let i(t) = -14*t + 28. Let s be i(-13). Suppose -5*n = -5*z - 3*n + s, 2*n + 122 = 3*z. Let x = -9 + 13. Calculate the greatest common factor of x and z.
4
Suppose -2*s + 0*s = -5*q + 25, 15 = -4*s + 3*q. Let a = 0 + s. Suppose b + t = 7, 4*b + 2*t - 11 - 11 = a. What is the highest common divisor of b and 2?
2
Suppose -5*n - 45 = -2*s - 3*s, 4*s + 9 = -5*n. Suppose 9*x = s*x + 230. Let r be (6 - 2)*x/8. Calculate the greatest common divisor of r and 253.
23
Let a(d) = -4*d**3 - d**2 + 2*d + 1. Let p be a(-2). What is the greatest common factor of 400 and p?
25
Let u(r) = 6*r**2 + 5*r - 60. Let n be u(-6). What is the greatest common divisor of n and 154?
14
Suppose 31 = -3*k + 115. Let w = k + -18. Let g be 3/(-3) + (w - -1). What is the greatest common factor of g and 80?
10
Let s(b) = 3*b + 44 + 2 + 17 + 6. Let f be s(-20). Calculate the highest common factor of f and 1.
1
Let u be (-4)/(8/5 - 2). Suppose -4*s - 8 = 0, v = 3*v - 4*s - 48. What is the greatest common divisor of u and v?
10
Suppose -24*c + 7*c = -11815. What is the greatest common divisor of 5 and c?
5
Let s(y) = 226*y**3 - 3*y + 2. Let p be s(1). Suppose 38*a = 35*a + p. Calculate the greatest common factor of a and 50.
25
Let t(p) be the first derivative of -p**2/2 + 5*p + 18. Let m be t(2). Calculate the highest common divisor of m and 24.
3
Suppose 4*m - 5*m = -86. What is the greatest common divisor of m and 688?
86
Let r(h) = h**3 - 14*h**2 - 13*h - 30. Let n be r(15). Suppose u + n*u = 5. What is the highest common factor of u and 1?
1
Let p = -294 - -364. What is the greatest common divisor of p and 126?
14
Let t = -69 + 109. What is the highest common factor of t and 8?
8
Suppose 10 = -2*k + 24. Let r = -2 - k. Let f be ((-42)/r)/((-2)/(-45)). What is the greatest common divisor of f and 21?
21
Suppose -2424 = -3*h - 2370. Let v be (-1 - (-18)/4)*18. Calculate the greatest common divisor of h and v.
9
Let v(j) = -j**3 + 10*j**2 + 44*j - 5. Let r be v(13). What is the greatest common divisor of r and 105?
15
Let y(h) = 2*h**3 - h**3 - 6*h**2 - 3*h + 0 + 5. Let l be y(7). Suppose 6*r - 47 - 85 = 0. Calculate the greatest common divisor of l and r.
11
Let i = 571 - 537. Calculate the greatest common divisor of i and 272.
34
Suppose 4*u = -5*b + 67, 2*u = -2*b - 2*b + 50. Suppose -r + 4*g = -7, 4*r - 40*g = -42*g + 46. Calculate the greatest common factor of r and b.
11
Let h(q) = -21*q + 948. Let k be h(42). Calculate the greatest common divisor of k and 528.
66
Let g = 57 + 33. Suppose 21 = a + 3*o, 5*o = -a - 0*a + 23. Calculate the highest common divisor of g and a.
18
Let b = -485 + 1277. Calculate the greatest common divisor of b and 72.
72
Suppose 3*v = -5*s - 0*s + 530, -4*s - 945 = -5*v. What is the greatest common factor of 20 and v?
5
Let t(f) = -f**2 - 7*f + 1. Let y(w) = w**2 - 4*w + 4. Let p be y(3). Suppose -j - 6 + p = 0. Let k be t(j). Calculate the highest common factor of 110 and k.
11
Suppose 0*d - m - 77 = -4*d, 0 = 4*d - 5*m - 97. Let c = d + 3. Let l be (-553)/(-5) - c/35. Calculate the greatest common factor of 22 and l.
22
Suppose 4*f + f = 1255. Suppose -2*z - 3*k = -92, f = 5*z - 4*k + k. Let x be 76/11 - (-120)/1320. What is the greatest common factor of z and x?
7
Suppose 302*z = 317*z - 1485. What is the greatest common divisor of z and 2277?
99
Let t(r) = -2*r**2 - 34*r + 5. Let a be t(-15). Suppose -a = -4*l - 1. Calculate the highest common factor of 40 and l.
8
Let b be 1205 + -976 + 4/(-1 - -3). What is the highest common factor of 63 and b?
21
Suppose 234 = -k + 4*k. Suppose -32 = -4*s + 2*i + 60, -k = -3*s - 3*i. Let z be s*1/(6/4). Calculate the greatest common divisor of z and 64.
16
Suppose 3*l + 121 + 761 = 0. Let w be 4/(-10) + l/15. Let y be w/(1 - (5 + -2)). What is the greatest common factor of 4 and y?
2
Suppose 0 = -27*o + 10*o + 153. Calculate the highest common divisor of 126 and o.
9
Let z be 4/(-30) - (-17003)/735. What is the highest common divisor of z and 805?
23
Suppose 5*u = -4*a + 8*a + 7024, -3*a + 5644 = 4*u. Calculate the greatest common factor of 11 and u.
11
Suppose -2*y + 5 = -29. Let x(t) = 81*t + 14. Let q(u) = 27*u + 5. Let i(w) = y*q(w) - 6*x(w). Let c be i(-2). Calculate the highest common divisor of 5 and c.
5
Suppose 82 = 24*l - 14. What is the greatest common divisor of 3 and l?
1
Let w = 581 - 341. Suppose 4*m = 39*d - 36*d + 57, -2*d = -4*m + 58. What is the greatest common factor of m and w?
15
Suppose 0 = -a + 5*n - 2*n - 13, 14 = -3*a + 4*n. Let m(y) = 0*y - 5*y + 0 - 3 + a. Let p be m(-3). What is the greatest common factor of 28 and p?
14
Suppose 0 = 3*m - 99 + 3. Let j be ((-70)/5)/((-2)/m). What is the greatest common divisor of 32 and j?
32
Let b(i) = -2*i**2 - 5*i - 1. Let x be b(-1). Calculate the greatest common divisor of 4 and x.
2
Let m be -1*3*(-4)/12. Suppose -11*f = -14*f - 165. Let q = f + 59. What is the greatest common factor of m and q?
1
Let n(w) = 3*w**3 - 8*w**2 - 2*w - 25. Let q be n(7). Calculate the highest common divisor of q and 26.
26
Let r be 168/(-70)*55/(-2). What is the greatest common factor of 110 and r?
22
Let l = 18 + -15. Suppose 2*n - 4*n - 2*i = -36, 5*n - 50 = l*i. Suppose 0 = 2*z - 0*z - 208. Calculate the greatest common factor of n and z.
13
Let v(r) = -r**3 - 15*r**2 - 13*r + 14. Let f be v(-14). Let l be f/(2 - 0) - 1. Let w be 1 + -13*(l - 0). What is the highest common divisor of w and 2?
2
Let k = -384 - -769. Calculate the greatest common factor of 55 and k.
55
Let q be (-4)/14 + (-624)/(-28). Suppose 0 = -m + 2 + q. Suppose 22 = 2*y + 3*g, m = 2*y - 0*g + 2*g. What is the highest common divisor of 28 and y?
14
Suppose -2*m = m + 3*r + 93, 0 = -2*m - 5*r - 65. Let z = 72 + m. Calculate the highest common factor of z and 6.
6
Suppose -6*i - 22*i = -448. What is the highest common factor of 16 and i?
16
Suppose -115*o = -107*o - 8. Calculate the highest common divisor of 25 and o.
1
Let w be 4 + (-22)/6 + 28/6. Suppose 18*y - 21*y = -105. Calculate the highest common divisor of w and y.
5
Suppose 5*i - 1015 = 3*s, -2*i = i + 2*s - 590. Calcula